e greatest common factor of s and m.
1
Suppose 0 = 5*w - 7*w + 2. Let l(y) = 59*y**3 + y**2 - y + 1. Let f be l(w). Let x = 105 - f. Calculate the greatest common divisor of 5 and x.
5
Suppose -2*z - f + 3*f + 34 = 0, -2*f = z - 20. Calculate the greatest common divisor of 126 and z.
18
Let i be -2 - (1 - (7 - 2)). Let t(d) = -d**2 - 8*d - 7. Let g be t(-7). Suppose g = -3*f + 23 - i. What is the highest common factor of f and 35?
7
Suppose -3*q - 1083 = -5*z, 4*z + 0*q - 860 = -4*q. Calculate the highest common divisor of 120 and z.
24
Let i be 23 + (-2 - -5)/3. Suppose 5*f - f + 3*u - 27 = 0, 2*u - 19 = -3*f. Suppose -l = f*l - 672. Calculate the highest common factor of i and l.
24
Let b be 4*((-180)/(-16))/(-3). Let s be (-128)/20*b/6. Let k(l) = 2*l**3 - l**2 + l. Let d be k(3). Calculate the highest common divisor of s and d.
16
Let n(q) = 2 + q**2 + 11*q - 2. Let g(o) = -3*o**2 - 4*o + 6. Let t be g(2). Let c be n(t). Calculate the highest common divisor of 6 and c.
6
Let i be (0 + 2)/(1 + 0). Let d be (-2)/((0 - i) + 1). Suppose 2*x = 5*x + 3*n - 258, -3*n = d*x - 174. What is the greatest common divisor of x and 28?
28
Suppose -7 = -3*q + 2. Suppose -4*c = 4*u + 56, -q*c = -0*c + 4*u + 44. Let m be (-3)/9*3 - c. What is the greatest common divisor of 33 and m?
11
Suppose 760 = 27*h + 11*h. What is the greatest common factor of h and 740?
20
Suppose -3*h - h + 96 = 0. Let o = -153 + 156. Calculate the highest common factor of o and h.
3
Let n(y) = y**3 + 2*y + 1. Let l be n(5). Suppose 2*b - l = b. Calculate the highest common factor of b and 34.
34
Let c be (0 + -1 - 69)/(-1). Let y = c - 34. What is the greatest common divisor of y and 9?
9
Suppose -251 = -4*j + 65. Let m be -3 - 2/(((-10)/j)/5). Calculate the highest common factor of 190 and m.
38
Let z = -31 + 13. Let k = 29 + z. Suppose -w + 40 = 3*q - 253, 0 = 3*w + 12. What is the highest common factor of q and k?
11
Let k = 199 + -401. Suppose 2*t - 3*o = -39, -t - 72 = 3*t - 4*o. Let y be k/(-5) - (-6)/t. Calculate the highest common factor of 10 and y.
10
Let s = 3 - -7. Suppose 38 + 52 = 3*d. What is the highest common divisor of d and s?
10
Let p(f) be the second derivative of 2*f**3/3 + 2*f**2 + 19*f. Let m be p(6). Calculate the highest common divisor of 4 and m.
4
Suppose -4*c - c = -30. Suppose 5*z = c*z - 45. What is the highest common factor of 9 and z?
9
Let f(c) = 6*c**3 - 51*c + 102. Let u be f(2). Let p = 3 + 3. Calculate the highest common divisor of u and p.
6
Let y(m) = 0*m**2 - 5*m + 2 + 0*m - 4*m - 9*m**2 - 2*m**3. Let i be y(-5). Calculate the greatest common divisor of i and 18.
18
Let k be (-2660)/(-15) + 6/9. Suppose -4*p = -5*p + 2*i + k, 2*p - 3*i = 357. What is the greatest common divisor of 72 and p?
36
Suppose 2*v - 510 = -4*q, -10*v + 12*v = -3*q + 384. Calculate the greatest common divisor of q and 54.
18
Suppose 2*o + 294 = 9*o. Let t be 3367/o - 1/6. Calculate the highest common factor of t and 16.
16
Suppose 14 = 2*w + 3*n, -3*n - 1 - 1 = -2*w. Suppose 34 = w*c - 2*c. Let s be -34*5/((-5)/2). Calculate the greatest common divisor of s and c.
17
Let o be (25/(-10))/(1/(-6)). Suppose -6*r + 63 + 87 = 0. What is the highest common factor of r and o?
5
Let h(c) = -c**3 + 2*c**2 - c + 2. Let o be h(0). Suppose 3 = y + o*y, -4*y = 4*z - 128. Calculate the greatest common divisor of z and 124.
31
Suppose -5*a + 3*a + 24 = 4*z, -2*a = 5*z - 29. Suppose -z*p - 5 = 2*h - 25, -3*h = -5*p - 80. What is the highest common divisor of 40 and h?
20
Suppose -3*d = -3 - 3. Suppose -d*c + z + 6 = 4*z, z = -4. Calculate the highest common divisor of c and 6.
3
Let d = -27 - -37. Suppose 62 - d = 4*f - 3*t, 24 = f + 2*t. What is the highest common factor of f and 40?
8
Let z be 44/6 - (-5)/(-15). Let g(c) = 2*c + 18. Let p be g(0). Suppose -2*o = -2*m - p, 23 + 15 = 2*o + 2*m. Calculate the greatest common divisor of o and z.
7
Let p be (1*-12)/3 + 3. Let l = -9 - p. Let s be (-1)/4 - 1730/l. What is the greatest common factor of s and 24?
24
Let t = -813 + 1281. What is the greatest common divisor of 27 and t?
9
Let p(t) = -t**3 - 6*t**2 + 8*t - 1. Let g be p(-7). Let d be (-2)/g + 95/4. What is the greatest common divisor of 8 and d?
8
Suppose -5*k + 2 = 12, 62 = 2*s - 5*k. What is the greatest common divisor of 559 and s?
13
Let n(h) = 9*h**2 - 4*h - 16. Let o be n(-2). Calculate the greatest common divisor of 196 and o.
28
Let b be 6/(-33) - 5736/(-88). Let p be 8/36 - (-2262)/27. Suppose -4*u - 2*v = -0*v - 96, 4*u = -5*v + p. What is the greatest common divisor of u and b?
13
Suppose 100 = 4*f - 5*g, 5*f = -0*f - 3*g + 125. Let r be (-3 + 2)/((-1)/1375). Suppose -3*n - 2*n = -r. What is the greatest common factor of n and f?
25
Let m = 415 - 229. Suppose -m = -17*c + 256. Calculate the highest common factor of c and 117.
13
Let c be (4*(-11)/(-77))/(2/7). What is the greatest common divisor of c and 15?
1
Let g(t) = -t**3 + 9*t**2 - 7*t - 6. Let i be g(8). Suppose 4*v = -i*p + 2*v + 110, 2*p - 5*v - 117 = 0. Calculate the highest common divisor of 8 and p.
8
Let m(r) = r**2 + 70*r + 759. Let j be m(-57). Let b be (8/(-10))/(6/(-45)). What is the greatest common factor of j and b?
6
Let j = 56 - -1. Suppose -m + 3 + j = 0. Calculate the highest common divisor of 20 and m.
20
Let v = 22 - 28. Let y = 9 + v. Suppose b - 5*t = -y, b = -0*t - 4*t + 6. What is the greatest common divisor of b and 3?
1
Suppose -83 + 99 = 4*o. Let t(f) = f**3 - 2*f**2 - 2*f - 8. Let b be t(o). Calculate the highest common divisor of 112 and b.
16
Let a(k) = k + 23. Let o be a(-6). Let x(f) = f**2 - 18*f + 38. Let n be x(o). What is the greatest common divisor of n and 3?
3
Let f = 1606 + -1564. What is the greatest common divisor of 1190 and f?
14
Let k = -648 - -661. Let u be ((-26)/8)/(2/8). Let c = 0 - u. Calculate the highest common factor of c and k.
13
Let g(r) = -r + 9. Let i be g(0). Let b = -6 + i. Suppose b*t + 2*y = 132, 5*t - 5*y - 360 = -140. Calculate the highest common factor of t and 4.
4
Let z = -164 + 456. Calculate the greatest common factor of z and 4.
4
Suppose -h + 58 = -27. Suppose h = 4*m - 99. Calculate the highest common factor of m and 23.
23
Let d be (-17578)/(-136) + ((-2)/8)/1. Suppose -h + 4*h = -5*t + 119, 4*t = h - 51. Calculate the greatest common factor of h and d.
43
Suppose -4*u = -4*r - 104, 51 + 55 = 5*u + r. Suppose 0*b = b - u. Suppose 2*c = -3*f + 18, -f = -5*c - 1 - b. What is the greatest common divisor of f and 40?
8
Suppose 2*j - 10 = j. Suppose 3*l - 3*p = 51, -l = l + 2*p - 46. What is the greatest common divisor of l and j?
10
Suppose 21*v - 29*v + 848 = 0. What is the greatest common divisor of v and 424?
106
Suppose -2*a = 2*a - 20. Suppose -a*r + 1 + 79 = 0. Let v be (3 - -4) + -5 + 38. Calculate the highest common divisor of r and v.
8
Let i = -410 - -1260. Calculate the greatest common divisor of i and 50.
50
Let m be 4/(1/(1 + 2)). Let u be (2/4)/(m/96). Suppose -r + u = -8. Calculate the highest common factor of r and 12.
12
Suppose 4*j - 2 = 3*f, f - 12 = 5*j - 31. What is the highest common factor of 33 and f?
3
Let r(t) = t**2 - 9*t + 3. Let l be r(7). Let z = l - -13. Calculate the highest common factor of 2 and z.
2
Let k(z) = -4*z - 16. Suppose -u + 4*w = 4*u + 58, -w = -4*u - 53. Let j be k(u). What is the highest common factor of j and 5?
5
Let k = 711 + -216. Let t be 1 - (-37 - (-3 + 2 + 8)). Calculate the highest common factor of k and t.
45
Let z be 1/4 - (-30)/8. Let p(v) = 3*v + 28. Suppose 6 = -r - 3. Let c be p(r). What is the highest common factor of c and z?
1
Let f(y) = -190*y**3 + 2*y**2 + 6*y + 4. Let b be f(-1). Calculate the highest common divisor of 20 and b.
10
Let y = 338 + -327. Suppose -4*q - 385 = -9*q. What is the greatest common divisor of y and q?
11
Let d be (180/120)/(6/256). What is the highest common divisor of 4 and d?
4
Let p be (4 - 2) + (-252)/4. Let g = p + 106. What is the highest common divisor of g and 60?
15
Let c(s) = -s**2 + 12. Let g(d) = 3*d**2 + d - 25. Let z(r) = 5*c(r) + 2*g(r). Let x be z(-7). What is the greatest common factor of x and 9?
9
Suppose -2*k - k = -30. Let y(m) = m**3 + 16. Let o be y(0). Let b = o - k. Calculate the greatest common divisor of b and 6.
6
Let b